5365 and 11453960?
95
Calculate the highest common divisor of 19897 and 962934.
101
What is the highest common divisor of 1907334 and 46398?
1254
Calculate the greatest common factor of 282 and 29937825.
141
Calculate the greatest common divisor of 46642880 and 1.
1
What is the greatest common factor of 9072 and 6661440?
1296
What is the highest common factor of 10647 and 28183239?
63
What is the greatest common factor of 3503294 and 2?
2
What is the highest common divisor of 676544 and 65348?
3844
What is the greatest common divisor of 20271588 and 22908?
996
Calculate the highest common divisor of 2408 and 9623228.
172
Calculate the highest common divisor of 448 and 698712.
56
What is the highest common divisor of 1257523 and 959?
137
Calculate the greatest common divisor of 12282 and 1041478.
178
Calculate the greatest common factor of 4293 and 36009.
9
What is the greatest common factor of 94 and 64560610?
94
Calculate the highest common factor of 17887 and 448906.
577
What is the greatest common divisor of 14665353 and 9?
3
What is the highest common factor of 1784 and 81056?
8
What is the greatest common divisor of 588534 and 564?
282
What is the greatest common factor of 177800137 and 18948?
1579
Calculate the highest common divisor of 1081246 and 938.
134
What is the greatest common factor of 48245019 and 208734?
5493
Calculate the greatest common factor of 310095208 and 610.
122
What is the highest common factor of 522 and 65223?
9
What is the greatest common divisor of 445412112 and 6?
6
Calculate the highest common divisor of 605 and 13236311.
121
What is the greatest common divisor of 3032878538 and 1346?
1346
What is the greatest common factor of 26048 and 321530?
814
Calculate the greatest common divisor of 6572996 and 572284.
3308
Calculate the greatest common factor of 554 and 5775173.
277
What is the highest common divisor of 11131182 and 14202?
54
What is the highest common divisor of 549 and 2787395?
61
Calculate the highest common factor of 262678903 and 124.
31
What is the greatest common divisor of 15 and 1527105?
15
What is the highest common factor of 788 and 14194244?
788
What is the greatest common factor of 921 and 596226542?
307
What is the greatest common divisor of 310336 and 139516?
52
What is the greatest common factor of 490474 and 30734?
254
What is the highest common factor of 3429 and 62712981?
3429
Calculate the greatest common factor of 479633 and 627.
11
Calculate the greatest common factor of 6051 and 3753637.
2017
What is the greatest common divisor of 15573 and 113844?
537
What is the highest common factor of 19625 and 124811075?
3925
Calculate the greatest common factor of 10332 and 400529.
41
What is the highest common divisor of 51540099 and 117?
39
What is the highest common factor of 124299319 and 8594?
4297
What is the greatest common factor of 16 and 24673652?
4
Calculate the greatest common divisor of 6144879 and 195.
39
Calculate the greatest common divisor of 16465397 and 8307.
923
What is the highest common factor of 4508 and 3283588?
196
What is the highest common divisor of 1246962 and 37515?
183
What is the greatest common factor of 122 and 96888?
2
Calculate the highest common divisor of 6925 and 1013575.
25
What is the highest common divisor of 106 and 603341400?
106
What is the highest common factor of 653720 and 238360?
2360
What is the greatest common divisor of 71271 and 30?
3
What is the highest common factor of 196706 and 13865?
59
Calculate the highest common factor of 111664413 and 261.
261
Calculate the highest common divisor of 91949968 and 5852.
836
Calculate the highest common factor of 7728 and 1500405.
69
Calculate the greatest common factor of 21545 and 12778975.
155
Calculate the highest common factor of 1608179 and 340161.
1597
What is the greatest common divisor of 34 and 51561119?
17
What is the greatest common divisor of 188129535 and 8855?
1265
Calculate the highest common factor of 140992 and 1892377.
2203
Calculate the greatest common factor of 1168939 and 10393.
547
Calculate the highest common divisor of 27039600 and 46800.
3600
What is the highest common factor of 107883653 and 8047?
619
What is the highest common divisor of 47360 and 36317440?
1280
What is the greatest common divisor of 2827 and 20416?
11
What is the highest common factor of 167 and 320018927?
167
Calculate the highest common divisor of 15155926 and 2540.
254
Calculate the highest common factor of 2853 and 234671613.
951
What is the greatest common factor of 439979 and 1734267?
1973
What is the highest common divisor of 11835984 and 673762?
6946
Calculate the greatest common divisor of 6 and 22040007.
3
What is the highest common divisor of 1422 and 1376654?
158
Calculate the greatest common divisor of 55314392 and 224.
56
Calculate the highest common divisor of 62829411 and 22239.
1059
What is the greatest common divisor of 20402350 and 11342?
106
Calculate the greatest common factor of 160 and 304763480.
40
What is the greatest common divisor of 22860986 and 4?
2
Calculate the greatest common divisor of 10543 and 6623437.
811
Calculate the greatest common divisor of 800 and 97145248.
32
Calculate the greatest common factor of 641216 and 38212.
932
Calculate the highest common divisor of 102 and 56479372.
34
What is the greatest common divisor of 764 and 6592556?
764
What is the highest common factor of 714 and 16467934?
238
Calculate the highest common factor of 2256 and 302475456.
2256
Calculate the greatest common divisor of 7908396 and 3084.
12
Calculate the greatest common divisor of 69784 and 17420.
52
What is the greatest common divisor of 497 and 42574795?
71
What is the greatest common factor of 392696 and 88?
8
Calculate the greatest common factor of 404810 and 1820.
70
What is the greatest common factor of 104 and 282720425?
13
Calculate the highest common factor of 31 and 17955107.
31
What is the highest common factor of 160659 and 1044?
9
Calculate the greatest common factor of 22 and 4844136.
22
Calculate the greatest common divisor of 319460 and 365.
5
What is the greatest common factor of 3099645 and 2515?
5
What is the highest common factor of 158106802 and 311?
311
Calculate the highest common divisor of 97497 and 1565541.
621
What is the greatest common divisor of 1440 and 297340?
20
What is the greatest common divisor of 195 and 315681?
3
What is the greatest common factor of 403 and 7282977?
13
What is the greatest common factor of 26 and 289523741?
13
Calculate the highest common factor of 26099001 and 5166.
369
Calculate the highest common factor of 170 and 1186580.
10
What is the highest common factor of 2247223 and 7568?
473
What is the highest common factor of 15906972 and 156?
12
Calculate the greatest common divisor of 27615 and 71365.
35
What is the highest common divisor of 2332127 and 49?
7
What is the greatest common factor of 53065848 and 627?
33
Calculate the highest common divisor of 121638 and 258214.
2134
What is the greatest common factor of 1096068 and 5784?
2892
What is the highest common factor of 123823 and 21660?
361
What is the greatest common divisor of 9272384 and 464?
16
What is the highest common divisor of 13421471 and 161?
7
What is the greatest common factor of 234334230 and 780?
390
Calculate the highest common factor of 1951490 and 950.
190
What is the greatest common divisor of 4147 and 32753721?
143
Calculate the highest common factor of 495 and 804270.
15
Calculate the greatest common factor of 342 and 277089996.
114
Calculate the highest common divisor of 25829160 and 19740.
420
What is the highest common divisor of 25481685 and 30?
15
Calculate the greatest common divisor of 85285787 and 17.
17
Calculate the highest common factor of 180404659 and 47.
47
What is the highest common factor of 3087441 and 882?
441
Calculate the highest common divisor of 96 and 101672304.
48
Calculate the highest common divisor of 57562 and 379304.
34
What is the highest common divisor of 4892 and 3788?
4
What is the greatest common factor of 4724261 and 4505?
53
What is the highest common factor of 2228345 and 3955?
35
What is the greatest common factor of 80040 and 232464?
696
Calculate the greatest common divisor of 237312 and 38128.
16
Calculate th